{"id":21,"date":"2024-05-12T15:26:06","date_gmt":"2024-05-12T13:26:06","guid":{"rendered":"https:\/\/srise.informatica.uned.es\/observatorio\/?page_id=21"},"modified":"2026-01-27T14:34:11","modified_gmt":"2026-01-27T13:34:11","slug":"boletines","status":"publish","type":"page","link":"https:\/\/srise.informatica.uned.es\/observatorio\/observatorio\/boletines\/","title":{"rendered":"Boletines"},"content":{"rendered":"\n<div style=\"height:50px\" aria-hidden=\"true\" class=\"wp-block-spacer\"><\/div>\n\n\n<h2>Boletines del Observatorio.<\/h2>\n\n\n<p>\ud83d\udcf0 <strong>Espacio de difusi\u00f3n de informaci\u00f3n actualizada sobre IoT y ciberseguridad en entornos rurales<\/strong>, ofreciendo datos, investigaciones y novedades que reflejan los avances tecnol\u00f3gicos y sus aplicaciones pr\u00e1cticas en comunidades rurales inteligentes.<\/p>\n\n\n\n<p>\ud83d\udd0d <strong>Recogen an\u00e1lisis, avances y experiencias relevantes en investigaci\u00f3n e innovaci\u00f3n<\/strong>, incluyendo estudios de caso, proyectos piloto y tendencias emergentes que permiten comprender mejor los retos y oportunidades del IoT seguro en entornos rurales.<\/p>\n\n\n\n<p>\ud83d\udca1 <strong>Contribuyen a comprender la evoluci\u00f3n tecnol\u00f3gica y sus aplicaciones pr\u00e1cticas<\/strong>, brindando herramientas y conocimientos que facilitan la implementaci\u00f3n de soluciones tecnol\u00f3gicas sostenibles y seguras en distintos contextos rurales.<\/p>\n\n\n\n<p>\ud83d\udc65 <strong>Dirigidos a investigadores, profesionales y p\u00fablico interesado<\/strong>, los boletines buscan fomentar la colaboraci\u00f3n entre academia, sector industrial y sociedad, promoviendo la difusi\u00f3n de buenas pr\u00e1cticas y la transferencia de conocimiento.<\/p>\n\n\n<ul class=\"wp-block-latest-posts__list has-dates has-author wp-block-latest-posts\"><\/ul>\n\n\n<div style=\"height:100px\" aria-hidden=\"true\" class=\"wp-block-spacer\"><\/div>\n","protected":false},"excerpt":{"rendered":"<p>Boletines del Observatorio. \ud83d\udcf0 Espacio de difusi\u00f3n de informaci\u00f3n actualizada sobre IoT y ciberseguridad en entornos rurales, ofreciendo datos, investigaciones y novedades que reflejan los avances tecnol\u00f3gicos y sus aplicaciones pr\u00e1cticas en comunidades rurales inteligentes. \ud83d\udd0d Recogen an\u00e1lisis, avances y experiencias&#8230;<\/p>\n","protected":false},"author":6,"featured_media":0,"parent":2,"menu_order":0,"comment_status":"closed","ping_status":"closed","template":"","meta":{"footnotes":""},"class_list":["post-21","page","type-page","status-publish","hentry"],"_links":{"self":[{"href":"https:\/\/srise.informatica.uned.es\/observatorio\/wp-json\/wp\/v2\/pages\/21","targetHints":{"allow":["GET"]}}],"collection":[{"href":"https:\/\/srise.informatica.uned.es\/observatorio\/wp-json\/wp\/v2\/pages"}],"about":[{"href":"https:\/\/srise.informatica.uned.es\/observatorio\/wp-json\/wp\/v2\/types\/page"}],"author":[{"embeddable":true,"href":"https:\/\/srise.informatica.uned.es\/observatorio\/wp-json\/wp\/v2\/users\/6"}],"replies":[{"embeddable":true,"href":"https:\/\/srise.informatica.uned.es\/observatorio\/wp-json\/wp\/v2\/comments?post=21"}],"version-history":[{"count":29,"href":"https:\/\/srise.informatica.uned.es\/observatorio\/wp-json\/wp\/v2\/pages\/21\/revisions"}],"predecessor-version":[{"id":30139,"href":"https:\/\/srise.informatica.uned.es\/observatorio\/wp-json\/wp\/v2\/pages\/21\/revisions\/30139"}],"up":[{"embeddable":true,"href":"https:\/\/srise.informatica.uned.es\/observatorio\/wp-json\/wp\/v2\/pages\/2"}],"wp:attachment":[{"href":"https:\/\/srise.informatica.uned.es\/observatorio\/wp-json\/wp\/v2\/media?parent=21"}],"curies":[{"name":"wp","href":"https:\/\/api.w.org\/{rel}","templated":true}]}}